 h(35).
235
Let x(q) = -13*q**2 - 10*q + 3. Give x(-3).
-84
Let b(r) = r**2 - 149*r + 1521. What is b(11)?
3
Let c(q) = -q**3 - 4*q**2 + 21*q - 3. What is c(3)?
-3
Let r(m) = 60*m**2 - 2*m + 8. What is r(2)?
244
Let c(l) = -21*l + 90. Give c(7).
-57
Let f(c) = -c**3 + 16*c**2 + 212*c - 31. Give f(24).
449
Let i(c) = 277*c + 1108. Give i(-4).
0
Let p(j) = j + 1. What is p(25)?
26
Let g(o) = 51*o**3 + 98*o**2 + 2*o. What is g(-2)?
-20
Let y(v) = -v**3 + 11*v**2 - 14*v + 13. What is y(10)?
-27
Let p(y) = 8*y**2 + 4*y - 12. What is p(-5)?
168
Let c(w) = -15*w**3 + 9*w**2 - 17*w - 1. Calculate c(2).
-119
Let y(d) = -3*d**2 - 219*d - 3082. Calculate y(-54).
-4
Let k(g) = -2*g**2 - 1501*g + 12129. Determine k(8).
-7
Let m(d) = 133*d - 130. Give m(4).
402
Let j(r) = -r**3 - 3*r**2 + 101*r + 194. What is j(-11)?
51
Let b(d) = -799*d - 105475. Give b(-132).
-7
Let x(b) = -b**2 - 25*b - 3. Determine x(-20).
97
Let v(i) = -7*i + 62. What is v(13)?
-29
Let y(x) = 4*x**2 + 88*x + 87. Determine y(-1).
3
Let j(m) = -m**3 + 11*m**2 + 23*m - 123. Calculate j(12).
9
Let j(z) = -76*z + 3271. Calculate j(43).
3
Let p(m) = -4*m**3 + 24*m**2 + 103*m + 31. Calculate p(9).
-14
Let u(p) = -p**3 + 19*p**2 - 17*p + 50. Give u(18).
68
Let n(u) = 8*u + 177. Calculate n(-13).
73
Let h(l) = -4*l**3 - 3*l**2 - l - 11. What is h(-4)?
201
Let f(d) = 3*d**3 + 15*d**2 - 75*d + 5. Determine f(3).
-4
Let k(d) = 13*d**3 - 10*d**2 - 13*d + 12. Calculate k(-3).
-390
Let m(h) = 1722*h - 22390. What is m(13)?
-4
Let l(u) = 274*u + 1652. Give l(-6).
8
Let g(s) = s**3 + 4*s + 8. Determine g(-3).
-31
Let l(n) = -3*n**2 + 16*n - 59. Give l(4).
-43
Let w(y) = -513*y - 4121. What is w(-8)?
-17
Let x(u) = -39*u - 2141. Determine x(-54).
-35
Let x(c) = 146*c + 19. Calculate x(-2).
-273
Let v(p) = -p**3 - 9*p**2 + 3*p + 16. Determine v(-7).
-103
Let l(f) = 4*f**3 + 58*f**2 - 29*f + 30. Determine l(-15).
15
Let o(p) = p**2 + 19403*p + 96982. Determine o(-5).
-8
Let n(i) = -i**3 + 5*i**2 + 19*i - 46. Calculate n(7).
-11
Let p(w) = -37*w + 1441. Determine p(36).
109
Let n(f) = 5*f + 17. Give n(-16).
-63
Let p(x) = 233*x**2 + 1163*x - 5. What is p(-5)?
5
Let f(m) = 33*m**3 - 5*m**2 + 2*m - 5. Determine f(2).
243
Let i(l) = 5*l**2 - 3257*l + 25732. Calculate i(8).
-4
Let y(d) = d**3 + 16*d**2 - 17*d + 348. Determine y(-18).
6
Let o(h) = -h**3 - 43*h**2 + 137*h - 158. Give o(-46).
-112
Let q(x) = 10*x**3 + 4*x**2 - 5*x - 1. Give q(1).
8
Let j(l) = 29*l - 897. Determine j(31).
2
Let i(o) = o**3 - 22*o**2 - 11*o + 29. What is i(23)?
305
Let j(d) = 50*d**2 - 280*d + 16. What is j(6)?
136
Let k(r) = 2*r**2 + 28*r - 59. Calculate k(4).
85
Let i(t) = -52*t**2 - 22*t + 3. Determine i(-1).
-27
Let u(v) = -95*v - 111. Give u(-2).
79
Let i(w) = -w**2 - 7*w + 206. Calculate i(13).
-54
Let q(s) = 18255*s - 182549. Calculate q(10).
1
Let h(n) = n**3 + 17*n**2 + 39*n + 140. Determine h(-15).
5
Let q(j) = -2*j**2 - 75*j - 441. What is q(-8)?
31
Let j(k) = k**3 - 10*k**2 - 90*k + 29. Calculate j(-6).
-7
Let z(w) = w**2 - 28*w - 113. Calculate z(26).
-165
Let w(k) = k**2 + 13*k + 84. Determine w(-27).
462
Let u(w) = 71*w + 6. Give u(2).
148
Let t(a) = -275*a - 574. Calculate t(-2).
-24
Let y(x) = -2*x**2 + 37*x - 111. Give y(15).
-6
Let x(h) = 3*h**3 - 17*h**2 - 51*h + 1. Determine x(8).
41
Let g(x) = -x**2 + 5*x + 106. Give g(-18).
-308
Let g(d) = -d**3 - 6*d**2 + 111*d - 10. Give g(-14).
4
Let i(v) = -4*v - 422. What is i(-29)?
-306
Let n(h) = 73*h + 304. What is n(-5)?
-61
Let n(r) = 29*r**2 - 230*r + 194. Give n(7).
5
Let p(g) = -25*g + 13. Calculate p(4).
-87
Let d(y) = 2*y**2 - 148*y + 2448. Determine d(49).
-2
Let x(i) = -2*i**2 + 32*i - 45. Calculate x(15).
-15
Let s(v) = -v**2 + 64*v + 909. What is s(-12)?
-3
Let h(m) = -3*m**3 - 6*m**2 - 320*m - 635. Determine h(-2).
5
Let i(q) = -66*q + 1420. Give i(26).
-296
Let l(c) = -2*c**3 - 9*c**2 - 28*c. Give l(-6).
276
Let n(q) = -621*q - 2482. Give n(-4).
2
Let u(b) = b**3 + 3*b**2 - 15*b + 36. Give u(3).
45
Let p(h) = -2*h - 127. Determine p(13).
-153
Let m(k) = -846*k + 3430. Determine m(4).
46
Let x(d) = -91*d - 313. Give x(-3).
-40
Let a(p) = p**3 + 13*p**2 - 7*p - 85. Give a(-13).
6
Let o(t) = -1424*t - 8545. Give o(-6).
-1
Let i(v) = -6778*v + 33903. Determine i(5).
13
Let w(z) = -51*z**2 - 970*z - 5. What is w(-19)?
14
Let z(w) = w**3 + 34*w**2 - 33*w + 139. Determine z(-35).
69
Let c(l) = -721*l + 7907. Give c(11).
-24
Let v(x) = 48*x**3 + 30*x - 29. Give v(1).
49
Let g(o) = 1219*o + 116994. What is g(-96)?
-30
Let b(u) = 205*u - 2456. Calculate b(12).
4
Let u(z) = -11*z**2 + 74*z + 12. Give u(7).
-9
Let b(v) = 48*v + 192. What is b(-6)?
-96
Let d(r) = 32*r**3 + 2*r**2 + r - 2. Determine d(1).
33
Let s(i) = -4*i**3 - 71*i**2 - 65*i - 240. Give s(-17).
-2
Let n(o) = 154*o - 1107. Determine n(7).
-29
Let k(a) = -a**2 - 45*a + 868. Determine k(-59).
42
Let j(c) = -c**2 - 12*c + 598. Determine j(-30).
58
Let s(g) = 76*g + 541. Determine s(-5).
161
Let j(k) = -34*k + 351. Calculate j(9).
45
Let p(f) = f**3 + 79*f**2 - 419*f + 100. Determine p(-84).
16
Let n(i) = -13*i + 26. Determine n(18).
-208
Let j(x) = 39*x - 361. What is j(-14)?
-907
Let m(h) = 4*h**3 - 126*h**2 - 62*h - 94. What is m(32)?
-30
Let u(k) = -k**3 - 8*k**2 - 31*k - 122. Give u(-6).
-8
Let o(h) = -2*h**2 - 29*h - 18. Determine o(-11).
59
Let g(d) = -208*d - 17166. Calculate g(-83).
98
Let h(g) = g**3 - 7*g**2 - 62*g - 33. Determine h(12).
-57
Let c(g) = -g**2 - 10*g - 59. What is c(-15)?
-134
Let r(b) = -3*b**2 - 44*b + 23. Determine r(-21).
-376
Let c(o) = o**3 + 119*o**2 - 691*o + 352. What is c(5)?
-3
Let y(o) = 10*o - 440. Calculate y(43).
-10
Let j(d) = -6*d**3 + 10*d**2 - 13*d + 20. What is j(2)?
-14
Let i(q) = -q**2 + 30*q - 48. Calculate i(23).
113
Let k(d) = 78*d - 236. What is k(0)?
-236
Let h(s) = 446*s**2 - 4*s - 4. Calculate h(1).
438
Let x(q) = 36*q**2 - 4*q - 3. Calculate x(-1).
37
Let z(v) = -v**2 + 10*v + 9. Calculate z(-8).
-135
Let p(c) = c**3 - 6*c**2 + 23*c - 87. What is p(6)?
51
Let z(c) = -c**2 + 62*c - 471. Give z(53).
6
Let q(w) = 7*w**2 - 56*w - 27. Give q(9).
36
Let k(m) = -995*m + 7968. Determine k(8).
8
Let s(b) = 592*b + 101825. What is s(-172)?
1
Let z(g) = g**2 - 2*g - 478. Determine z(-21).
5
Let v(r) = -30*r - 40. Give v(-6).
140
Let t(o) = o**3 + 65*o**2 - 5*o - 201. What is t(-65)?
124
Let b(t) = 19*t - 343. Calculate b(-10).
-533
Let g(q) = 49*q - 73. Give g(3).
74
Let w(t) = -t**2 - 29*t - 20. Calculate w(-28).
8
Let m(g) = 93*g - 4860. What is m(52)?
-24
Let q(t) = t**2 + 39*t + 135. Calculate q(-27).
-189
Let s(r) = -4*r**3 - 39*r**2 - 3. Calculate s(-10).
97
Let f(a) = 2*a**3 - 10*a**2 + 147*a - 283. Calculate f(2).
-13
Let t(h) = -243*h - 52000. Give t(-214).
2
Let p(r) = 8*r + 200. Calculate p(-21).
32
Let o(y) = -3*y**2 - 117*y - 970. Determine o(-9).
-160
Let x(b) = -3*b**3 + 48*b**2 - b - 129. Calculate x(16).
-145
Let x(n) = 48*n + 542. Give x(-14).
-130
Let b(y) = -11*y**3 - 2*y**2 + 19*y + 21. Calculate b(-1).
11
Let r(u) = 2*u**3 - 108*u**2 + 105*u + 52. What is r(53)?
-1
Let y(p) = -29*p + 2705. Give y(93).
8
Let x(f) = 4*f**3 - 145*f**2 - 118*f + 257. Determine x(37).
-2
Let n(l) = -17*l + 131. Calculate n(-5).
216
Let p(h) = h**2 - 42*h + 201. What is p(37)?
16
Let i(t) = 73*t**3 + 6*t - 7. Determine i(1).
72
Let t(m) = -37*m + 69. Determine t(4).
-79
Let u(q) = 21*q - 111. What is u(6)?
15
Let q(n) = 2*n**3 + 12*n**2 + 106*n + 855. What is q(-7)?
15
Let n(g) = -g**3 - 29*g**2 + 253*g - 7. What is n(7)?
0
Let u(k) = k**3 - 48*k**2 + 493*k + 19. What is u(15)?
-11
Let l(o) = -2*o**2 + 305*o - 7804. What is l(120)?
-4
Let m(d) = -d**2 - 22*d + 213. Give m(8).
-27
Let z(s) = -75*s**2 + 813*s + 12. Determine z(11).
-120
Let t(g) = 289*g - 1438. Determine t(5).
7
Let c(q) = -q**3 + 57*q**2 - 114*q + 423. Calculate c(55).
203
Let t(c) = 131*c - 302. Calculate t(2).
-40
Let v(z) = -2*z**2 + 34*z + 31. Calculate v(14).
115
Let r(g) = -2*g**3 - 8*g**2 - 4*g - 39. Determine r(-8).
505
Let b(g) = 4579*g - 41217. Give b(9).
-6
Let o(t) = -t**2 - 46*t - 30. What is o(-1)?
15
Let a(q) = 56*q + 1033. Give a(-19).
-31
Let s(z) = z**3 + z**2 + 42*z + 176. What is s(-4)?
-40
Let f(b) = -b**2 + 248*b + 44658. Calculate f(369).
9
Let f(k) = -14*k**3 - 113*k*